{"id":1213,"date":"2024-04-03T10:46:53","date_gmt":"2024-04-03T14:46:53","guid":{"rendered":"https:\/\/glcreativemedia.net\/valiquette\/?page_id=1213"},"modified":"2024-05-02T16:08:43","modified_gmt":"2024-05-02T20:08:43","slug":"mission","status":"publish","type":"page","link":"https:\/\/valiquette.org\/fr\/mission\/","title":{"rendered":"Mission"},"content":{"rendered":"<div class=\"wpb-content-wrapper\"><p>[vc_row full_width=\u00a0\u00bbstretch_row_content\u00a0\u00bb css=\u00a0\u00bb.vc_custom_1712157591954{padding-top: 10px !important;padding-bottom: 10px !important;background-color: #a31d36 !important;}\u00a0\u00bb][vc_column][vc_custom_heading text=\u00a0\u00bbMission\u00a0\u00bb font_container=\u00a0\u00bbtag:h2|text_align:center|color:%23ffffff\u00a0\u00bb use_theme_fonts=\u00a0\u00bbyes\u00a0\u00bb][vc_custom_heading text=\u00a0\u00bbEn savoir plus sur nos objectifs et ce qui nous motive\u00a0\u00bb font_container=\u00a0\u00bbtag:p|font_size:18px|text_align:center|color:%23ffffff\u00a0\u00bb use_theme_fonts=\u00a0\u00bbyes\u00a0\u00bb css=\u00a0\u00bb\u00a0\u00bb][\/vc_column][\/vc_row][vc_row gap=\u00a0\u00bb15&Prime; content_placement=\u00a0\u00bbmiddle\u00a0\u00bb css=\u00a0\u00bb.vc_custom_1712157581484{margin-top: 50px !important;}\u00a0\u00bb][vc_column width=\u00a0\u00bb1\/2&Prime;][vc_custom_heading text=\u00a0\u00bbLa Fondation L&rsquo;Acad\u00e9mie Valiquette\u00a0\u00bb font_container=\u00a0\u00bbtag:h3|text_align:left|color:%23a31d36&Prime; use_theme_fonts=\u00a0\u00bbyes\u00a0\u00bb css=\u00a0\u00bb\u00a0\u00bb][vc_column_text css=\u00a0\u00bb\u00a0\u00bb]La fondation Valiquette a \u00e9t\u00e9 cr\u00e9\u00e9e pour offrir aux enfants d\u00e9favoris\u00e9s et \u00e0 leurs familles un programme d&rsquo;enseignement compl\u00e9mentaire distinctif qui int\u00e8gre des connaissances acad\u00e9miques essentielles ainsi que des comp\u00e9tences cruciales dans la vie quotidienne.<\/p>\n<p>La Fondation Valiquette a \u00e9t\u00e9 cr\u00e9\u00e9e pour aider les enfants d\u00e9favoris\u00e9s (et souvent sous-repr\u00e9sent\u00e9s) \u00e0 r\u00e9ussir dans les \u00e9coles primaires et secondaires gr\u00e2ce \u00e0 nos programmes acad\u00e9miques, nos camps et nos s\u00e9minaires de r\u00e9ussite. Notre attention port\u00e9e \u00e0 l\u2019intelligence cognitive et \u00e9motionnelle offre une \u00e9ducation n\u00e9cessaire qui entra\u00eene une \u00e9norme diff\u00e9rence.[\/vc_column_text][\/vc_column][vc_column width=\u00a0\u00bb1\/2&Prime;][vc_single_image image=\u00a0\u00bb2023&Prime; img_size=\u00a0\u00bbfull\u00a0\u00bb alignment=\u00a0\u00bbcenter\u00a0\u00bb css=\u00a0\u00bb\u00a0\u00bb][\/vc_column][\/vc_row][vc_row full_width=\u00a0\u00bbstretch_row\u00a0\u00bb content_placement=\u00a0\u00bbmiddle\u00a0\u00bb css=\u00a0\u00bb.vc_custom_1712155917536{margin-top: 50px !important;padding-top: 30px !important;padding-bottom: 30px !important;background-color: #27397c !important;}\u00a0\u00bb][vc_column][vc_custom_heading text=\u00a0\u00bb\u00abDe temps en temps, en tant que parent, une opportunit\u00e9 se pr\u00e9sente qui a le potentiel d\u2019amener un grand changement positif pour nos enfants. Jay Valiquette et son approche, \u00e0 la fois de l\u2019\u00e9ducation et du mentorat, pour nos enfants et adolescents est l\u2019une des ces rares opportunit\u00e9s. Les \u00e9coles, les gouvernements et les parents devraient faire attention, car l\u2019avenir de la scolarit\u00e9 est illustr\u00e9 par l\u2019enseignement, les paroles et les actions de M. Valiquette.\u00bb\u00a0\u00bb font_container=\u00a0\u00bbtag:h3|font_size:20px|text_align:center|color:%23ffffff|line_height:1.5&Prime; use_theme_fonts=\u00a0\u00bbyes\u00a0\u00bb css=\u00a0\u00bb\u00a0\u00bb el_id=\u00a0\u00bbtxt-400&Prime;][vc_custom_heading text=\u00a0\u00bbDave Mackey, Parent\u00a0\u00bb font_container=\u00a0\u00bbtag:h5|text_align:center|color:%238a9571&Prime; use_theme_fonts=\u00a0\u00bbyes\u00a0\u00bb css=\u00a0\u00bb\u00a0\u00bb][\/vc_column][\/vc_row][vc_row gap=\u00a0\u00bb15&Prime; content_placement=\u00a0\u00bbmiddle\u00a0\u00bb css=\u00a0\u00bb.vc_custom_1712157550095{margin-top: 50px !important;}\u00a0\u00bb][vc_column width=\u00a0\u00bb1\/2&Prime;][vc_single_image image=\u00a0\u00bb1222&Prime; img_size=\u00a0\u00bbfull\u00a0\u00bb alignment=\u00a0\u00bbcenter\u00a0\u00bb css=\u00a0\u00bb\u00a0\u00bb][\/vc_column][vc_column width=\u00a0\u00bb1\/2&Prime;][vc_custom_heading text=\u00a0\u00bb\u00c0 propos du fondateur : Jay Valiquette\u00a0\u00bb font_container=\u00a0\u00bbtag:h3|text_align:left|color:%23a31d36&Prime; use_theme_fonts=\u00a0\u00bbyes\u00a0\u00bb css=\u00a0\u00bb\u00a0\u00bb][vc_column_text css=\u00a0\u00bb\u00a0\u00bb]N\u00e9 \u00e0 Ottawa, au Canada, Jay enseigne, coache et encadre des enfants et des adolescents depuis 1992. Sa passion pour aider les autres, combin\u00e9e \u00e0 son amour de l&rsquo;\u00e9ducation et \u00e0 ses propres difficult\u00e9s acad\u00e9miques avec la dyslexie, l&rsquo;ont impr\u00e9gn\u00e9 du d\u00e9sir de ne jamais abandonner ni sur lui-m\u00eame ni sur ceux qu&rsquo;il aide. En 2010, Jay a cr\u00e9\u00e9 <strong>l&rsquo;Acad\u00e9mie Valiquette<\/strong>.<\/p>\n<p>La r\u00e9alit\u00e9 de voir des enfants avoir des difficult\u00e9s non seulement avec l&rsquo;\u00e9cole, mais aussi contre le manque de fournitures scolaires, les probl\u00e8mes familiaux difficiles, la faim, etc., lui a fait prendre conscience de l&rsquo;importance d&rsquo;en faire plus. En 2018, il fonde la <strong>Fondation Valiquette<\/strong>. Jay se soucie profond\u00e9ment de chaque \u00e9l\u00e8ve et s&rsquo;engage \u00e0 fournir \u00e0 chacun d&rsquo;eux les outils n\u00e9cessaires pour r\u00e9ussir.[\/vc_column_text][\/vc_column][\/vc_row][vc_row full_width=\u00a0\u00bbstretch_row\u00a0\u00bb css=\u00a0\u00bb.vc_custom_1633366115017{margin-top: 80px !important;border-top-width: 1px !important;border-bottom-width: 1px !important;padding-top: 30px !important;padding-bottom: 30px !important;background-color: #f9f3de !important;border-top-color: #c7c2b1 !important;border-top-style: solid !important;border-bottom-color: #c7c2b1 !important;border-bottom-style: solid !important;}\u00a0\u00bb][vc_column][vc_custom_heading text=\u00a0\u00bbUn mot du directeur\u00a0\u00bb font_container=\u00a0\u00bbtag:h3|text_align:center|color:%23a31d36&Prime; use_theme_fonts=\u00a0\u00bbyes\u00a0\u00bb css=\u00a0\u00bb\u00a0\u00bb][vc_custom_heading text=\u00a0\u00bbUne vie d\u00e9di\u00e9e au service des autres\u00a0\u00bb font_container=\u00a0\u00bbtag:p|font_size:18px|text_align:center|color:%23626a73&Prime; use_theme_fonts=\u00a0\u00bbyes\u00a0\u00bb css=\u00a0\u00bb\u00a0\u00bb][vc_row_inner][vc_column_inner width=\u00a0\u00bb1\/3&Prime;][vc_single_image image=\u00a0\u00bb480&Prime; img_size=\u00a0\u00bbfull\u00a0\u00bb alignment=\u00a0\u00bbcenter\u00a0\u00bb][\/vc_column_inner][vc_column_inner width=\u00a0\u00bb2\/3&Prime;][vc_column_text css=\u00a0\u00bb\u00a0\u00bb]J&rsquo;ai toujours \u00e9t\u00e9 guid\u00e9 par deux id\u00e9es.<\/p>\n<p>Premi\u00e8rement, le monde id\u00e9al est celui dans lequel les gens aident les autres \u2013 sans r\u00e9serve et avec beaucoup de bonheur. Deuxi\u00e8mement, l&rsquo;id\u00e9e exprim\u00e9e par Edward Everett Hale, que je paraphrase : Je ne suis qu&rsquo;une seule personne, mais je le suis quand m\u00eame, et je ne laisserai pas ce que je ne peux pas faire interf\u00e9rer avec ce que je peux faire.<\/p>\n<p>Je veux contribuer \u00e0 rendre le monde meilleur, et je ne vois pas de meilleure fa\u00e7on d\u2019y parvenir qu\u2019en aidant les enfants dans leur \u00e9ducation. Mon objectif est qu&rsquo;\u00e0 travers la Fondation Valiquette Academy, nous puissions aider chaque enfant \u00e0 recevoir autant d&rsquo;aide \u00e9ducative que n\u00e9cessaire. Notre objectif est de motiver tous les \u00e9tudiants \u00e0 vouloir apprendre, \u00e0 terminer leurs \u00e9tudes secondaires, au c\u00e9gep et \u00e0 avoir la possibilit\u00e9 de fr\u00e9quenter l&rsquo;universit\u00e9. Trois facteurs principaux rendent notre travail caritatif pertinent et significatif. Notre arrondissement a une forte densit\u00e9 de population, une forte population immigrante et une importante population de personnes \u00e0 faible revenu. Cette combinaison aboutit \u00e0 des niveaux choquants de taux d\u2019abandon scolaire \u00e0 l&rsquo;\u00e9cole secondaire.[\/vc_column_text][\/vc_column_inner][\/vc_row_inner][vc_row_inner][vc_column_inner][vc_column_text css=\u00a0\u00bb\u00a0\u00bb]Notre emplacement est un aspect important de notre mission. Notre emplacement dans le quartier CDN-NDG \u00e0 Montr\u00e9al est \u00e0 proximit\u00e9 strat\u00e9gique des transports en commun, de nombreuses \u00e9coles primaires et secondaires et majoritairement de familles d\u00e9favoris\u00e9es et sous-repr\u00e9sent\u00e9es. Ces enfants et ces jeunes sont extr\u00eamement d\u00e9savantag\u00e9s.<br \/>\nEn r\u00e9ponse, notre organisation a d\u00e9velopp\u00e9 \u2013 et valid\u00e9 \u2013 une approche distinctive de l\u2019\u00e9ducation qui comprend des cours r\u00e9guliers et un enseignement compl\u00e9mentaire \u00e0 travers une approche holistique qui comprend :<\/p>\n<ol>\n<li>Pr\u00e9parer les \u00e9tudiants afin qu\u2019ils puissent profiter pleinement des \u00e9tudes secondaires et\/ou coll\u00e9giales.<\/li>\n<li>Pr\u00e9parer les \u00e9tudiants au march\u00e9 du travail avec les comp\u00e9tences n\u00e9cessaires pour obtenir et conserver un emploi, et<\/li>\n<li>Travailler en \u00e9troite collaboration avec les parents et les \u00e9l\u00e8ves pour all\u00e9ger les pressions \u00e0 la maison, \u00e0 l&rsquo;\u00e9cole et au travail.<\/li>\n<li>Construire chez nos \u00e9l\u00e8ves les traits de caract\u00e8re n\u00e9cessaires pour r\u00e9ussir : courage, autodiscipline, patience et t\u00e9nacit\u00e9.<\/li>\n<li>Cr\u00e9er avec nos \u00e9tudiants une compr\u00e9hension de qui ils sont et une vision du type de personne qu&rsquo;ils aimeraient devenir ainsi que d\u00e9finir leur chemin vers la r\u00e9ussite.<\/li>\n<\/ol>\n<p>En fin de compte, notre objectif est d\u2019aider les enfants \u00e0 devenir des membres adultes contribuant de mani\u00e8re positive \u00e0 la soci\u00e9t\u00e9.<\/p>\n<p>Si vous lisez ces mots, c&rsquo;est que l&rsquo;id\u00e9e d&rsquo;aider les enfants \u00e0 recevoir une \u00e9ducation vous tient \u00e0 c\u0153ur. Nous esp\u00e9rons pouvoir b\u00e9n\u00e9ficier de votre aide afin de pouvoir b\u00e9n\u00e9ficier \u00e0 davantage d&rsquo;enfants et, esp\u00e9rons-le, cr\u00e9er un monde meilleur.<\/p>\n<h4>Jay G. Valiquette<\/h4>\n<p><strong>Directeur<\/strong><br \/>\nLa Fondation Acad\u00e9mie Valiquette[\/vc_column_text][\/vc_column_inner][\/vc_row_inner][\/vc_column][\/vc_row]<\/p>\n<\/div>","protected":false},"excerpt":{"rendered":"<p>[vc_row full_width=\u00a0\u00bbstretch_row_content\u00a0\u00bb css=\u00a0\u00bb.vc_custom_1712157591954{padding-top: 10px !important;padding-bottom: 10px !important;background-color: #a31d36 !important;}\u00a0\u00bb][vc_column][vc_custom_heading text=\u00a0\u00bbMission\u00a0\u00bb font_container=\u00a0\u00bbtag:h2|text_align:center|color:%23ffffff\u00a0\u00bb use_theme_fonts=\u00a0\u00bbyes\u00a0\u00bb][vc_custom_heading text=\u00a0\u00bbEn savoir plus &#8230; <a title=\"Mission\" class=\"read-more\" href=\"https:\/\/valiquette.org\/fr\/mission\/\" aria-label=\"Read more about Mission\">Voir plus<\/a><\/p>\n","protected":false},"author":1,"featured_media":0,"parent":0,"menu_order":0,"comment_status":"closed","ping_status":"closed","template":"","meta":{"inline_featured_image":false,"footnotes":""},"class_list":["post-1213","page","type-page","status-publish"],"_links":{"self":[{"href":"https:\/\/valiquette.org\/fr\/wp-json\/wp\/v2\/pages\/1213","targetHints":{"allow":["GET"]}}],"collection":[{"href":"https:\/\/valiquette.org\/fr\/wp-json\/wp\/v2\/pages"}],"about":[{"href":"https:\/\/valiquette.org\/fr\/wp-json\/wp\/v2\/types\/page"}],"author":[{"embeddable":true,"href":"https:\/\/valiquette.org\/fr\/wp-json\/wp\/v2\/users\/1"}],"replies":[{"embeddable":true,"href":"https:\/\/valiquette.org\/fr\/wp-json\/wp\/v2\/comments?post=1213"}],"version-history":[{"count":0,"href":"https:\/\/valiquette.org\/fr\/wp-json\/wp\/v2\/pages\/1213\/revisions"}],"wp:attachment":[{"href":"https:\/\/valiquette.org\/fr\/wp-json\/wp\/v2\/media?parent=1213"}],"curies":[{"name":"wp","href":"https:\/\/api.w.org\/{rel}","templated":true}]}}

<div class="wpb-content-wrapper"><p>[vc_row full_width= »stretch_row_content » css= ».vc_custom_1712157591954{padding-top: 10px !important;padding-bottom: 10px !important;background-color: #a31d36 !important;} »][vc_column][vc_custom_heading text= »Mission » font_container= »tag:h2|text_align:center|color:%23ffffff » use_theme_fonts= »yes »][vc_custom_heading text= »En savoir plus sur nos objectifs et ce qui nous motive » font_container= »tag:p|font_size:18px|text_align:center|color:%23ffffff » use_theme_fonts= »yes » css= » »][/vc_column][/vc_row][vc_row gap= »15&Prime; content_placement= »middle » css= ».vc_custom_1712157581484{margin-top: 50px !important;} »][vc_column width= »1/2&Prime;][vc_custom_heading text= »La Fondation L&rsquo;Académie Valiquette » font_container= »tag:h3|text_align:left|color:%23a31d36&Prime; use_theme_fonts= »yes » css= » »][vc_column_text css= » »]La fondation Valiquette a été créée pour offrir aux enfants défavorisés et à leurs familles un programme d&rsquo;enseignement complémentaire distinctif qui intègre des connaissances académiques essentielles ainsi que des compétences cruciales dans la vie quotidienne.</p>
<p>La Fondation Valiquette a été créée pour aider les enfants défavorisés (et souvent sous-représentés) à réussir dans les écoles primaires et secondaires grâce à nos programmes académiques, nos camps et nos séminaires de réussite. Notre attention portée à l’intelligence cognitive et émotionnelle offre une éducation nécessaire qui entraîne une énorme différence.[/vc_column_text][/vc_column][vc_column width= »1/2&Prime;][vc_single_image image= »2023&Prime; img_size= »full » alignment= »center » css= » »][/vc_column][/vc_row][vc_row full_width= »stretch_row » content_placement= »middle » css= ».vc_custom_1712155917536{margin-top: 50px !important;padding-top: 30px !important;padding-bottom: 30px !important;background-color: #27397c !important;} »][vc_column][vc_custom_heading text= »«De temps en temps, en tant que parent, une opportunité se présente qui a le potentiel d’amener un grand changement positif pour nos enfants. Jay Valiquette et son approche, à la fois de l’éducation et du mentorat, pour nos enfants et adolescents est l’une des ces rares opportunités. Les écoles, les gouvernements et les parents devraient faire attention, car l’avenir de la scolarité est illustré par l’enseignement, les paroles et les actions de M. Valiquette.» » font_container= »tag:h3|font_size:20px|text_align:center|color:%23ffffff|line_height:1.5&Prime; use_theme_fonts= »yes » css= » » el_id= »txt-400&Prime;][vc_custom_heading text= »Dave Mackey, Parent » font_container= »tag:h5|text_align:center|color:%238a9571&Prime; use_theme_fonts= »yes » css= » »][/vc_column][/vc_row][vc_row gap= »15&Prime; content_placement= »middle » css= ».vc_custom_1712157550095{margin-top: 50px !important;} »][vc_column width= »1/2&Prime;][vc_single_image image= »1222&Prime; img_size= »full » alignment= »center » css= » »][/vc_column][vc_column width= »1/2&Prime;][vc_custom_heading text= »À propos du fondateur : Jay Valiquette » font_container= »tag:h3|text_align:left|color:%23a31d36&Prime; use_theme_fonts= »yes » css= » »][vc_column_text css= » »]Né à Ottawa, au Canada, Jay enseigne, coache et encadre des enfants et des adolescents depuis 1992. Sa passion pour aider les autres, combinée à son amour de l&rsquo;éducation et à ses propres difficultés académiques avec la dyslexie, l&rsquo;ont imprégné du désir de ne jamais abandonner ni sur lui-même ni sur ceux qu&rsquo;il aide. En 2010, Jay a créé <strong>l&rsquo;Académie Valiquette</strong>.</p>
<p>La réalité de voir des enfants avoir des difficultés non seulement avec l&rsquo;école, mais aussi contre le manque de fournitures scolaires, les problèmes familiaux difficiles, la faim, etc., lui a fait prendre conscience de l&rsquo;importance d&rsquo;en faire plus. En 2018, il fonde la <strong>Fondation Valiquette</strong>. Jay se soucie profondément de chaque élève et s&rsquo;engage à fournir à chacun d&rsquo;eux les outils nécessaires pour réussir.[/vc_column_text][/vc_column][/vc_row][vc_row full_width= »stretch_row » css= ».vc_custom_1633366115017{margin-top: 80px !important;border-top-width: 1px !important;border-bottom-width: 1px !important;padding-top: 30px !important;padding-bottom: 30px !important;background-color: #f9f3de !important;border-top-color: #c7c2b1 !important;border-top-style: solid !important;border-bottom-color: #c7c2b1 !important;border-bottom-style: solid !important;} »][vc_column][vc_custom_heading text= »Un mot du directeur » font_container= »tag:h3|text_align:center|color:%23a31d36&Prime; use_theme_fonts= »yes » css= » »][vc_custom_heading text= »Une vie dédiée au service des autres » font_container= »tag:p|font_size:18px|text_align:center|color:%23626a73&Prime; use_theme_fonts= »yes » css= » »][vc_row_inner][vc_column_inner width= »1/3&Prime;][vc_single_image image= »480&Prime; img_size= »full » alignment= »center »][/vc_column_inner][vc_column_inner width= »2/3&Prime;][vc_column_text css= » »]J&rsquo;ai toujours été guidé par deux idées.</p>
<p>Premièrement, le monde idéal est celui dans lequel les gens aident les autres – sans réserve et avec beaucoup de bonheur. Deuxièmement, l&rsquo;idée exprimée par Edward Everett Hale, que je paraphrase : Je ne suis qu&rsquo;une seule personne, mais je le suis quand même, et je ne laisserai pas ce que je ne peux pas faire interférer avec ce que je peux faire.</p>
<p>Je veux contribuer à rendre le monde meilleur, et je ne vois pas de meilleure façon d’y parvenir qu’en aidant les enfants dans leur éducation. Mon objectif est qu&rsquo;à travers la Fondation Valiquette Academy, nous puissions aider chaque enfant à recevoir autant d&rsquo;aide éducative que nécessaire. Notre objectif est de motiver tous les étudiants à vouloir apprendre, à terminer leurs études secondaires, au cégep et à avoir la possibilité de fréquenter l&rsquo;université. Trois facteurs principaux rendent notre travail caritatif pertinent et significatif. Notre arrondissement a une forte densité de population, une forte population immigrante et une importante population de personnes à faible revenu. Cette combinaison aboutit à des niveaux choquants de taux d’abandon scolaire à l&rsquo;école secondaire.[/vc_column_text][/vc_column_inner][/vc_row_inner][vc_row_inner][vc_column_inner][vc_column_text css= » »]Notre emplacement est un aspect important de notre mission. Notre emplacement dans le quartier CDN-NDG à Montréal est à proximité stratégique des transports en commun, de nombreuses écoles primaires et secondaires et majoritairement de familles défavorisées et sous-représentées. Ces enfants et ces jeunes sont extrêmement désavantagés.<br />
En réponse, notre organisation a développé – et validé – une approche distinctive de l’éducation qui comprend des cours réguliers et un enseignement complémentaire à travers une approche holistique qui comprend :</p>
<ol>
<li>Préparer les étudiants afin qu’ils puissent profiter pleinement des études secondaires et/ou collégiales.</li>
<li>Préparer les étudiants au marché du travail avec les compétences nécessaires pour obtenir et conserver un emploi, et</li>
<li>Travailler en étroite collaboration avec les parents et les élèves pour alléger les pressions à la maison, à l&rsquo;école et au travail.</li>
<li>Construire chez nos élèves les traits de caractère nécessaires pour réussir : courage, autodiscipline, patience et ténacité.</li>
<li>Créer avec nos étudiants une compréhension de qui ils sont et une vision du type de personne qu&rsquo;ils aimeraient devenir ainsi que définir leur chemin vers la réussite.</li>
</ol>
<p>En fin de compte, notre objectif est d’aider les enfants à devenir des membres adultes contribuant de manière positive à la société.</p>
<p>Si vous lisez ces mots, c&rsquo;est que l&rsquo;idée d&rsquo;aider les enfants à recevoir une éducation vous tient à cœur. Nous espérons pouvoir bénéficier de votre aide afin de pouvoir bénéficier à davantage d&rsquo;enfants et, espérons-le, créer un monde meilleur.</p>
<h4>Jay G. Valiquette</h4>
<p><strong>Directeur</strong><br />
La Fondation Académie Valiquette[/vc_column_text][/vc_column_inner][/vc_row_inner][/vc_column][/vc_row]</p>
</div>
