{"id":1858,"date":"2024-04-25T14:40:53","date_gmt":"2024-04-25T18:40:53","guid":{"rendered":"https:\/\/glcreativemedia.net\/valiquette\/?page_id=1858"},"modified":"2024-04-30T08:49:04","modified_gmt":"2024-04-30T12:49:04","slug":"recompenses","status":"publish","type":"page","link":"https:\/\/valiquette.org\/fr\/recompenses\/","title":{"rendered":"R\u00e9compenses"},"content":{"rendered":"<div class=\"wpb-content-wrapper\"><p>[vc_row full_width=\u00a0\u00bbstretch_row_content\u00a0\u00bb el_id=\u00a0\u00bbhero-2&Prime; css=\u00a0\u00bb.vc_custom_1665666948886{padding-top: 30px !important;padding-bottom: 30px !important;background-color: #a31d36 !important;}\u00a0\u00bb][vc_column][vc_custom_heading text=\u00a0\u00bbR\u00e9compenses\u00a0\u00bb font_container=\u00a0\u00bbtag:h2|text_align:center|color:%23ffffff\u00a0\u00bb use_theme_fonts=\u00a0\u00bbyes\u00a0\u00bb css=\u00a0\u00bb\u00a0\u00bb][vc_custom_heading text=\u00a0\u00bbLes prix de la Fondation Acad\u00e9mie Valiquette\u00a0\u00bb font_container=\u00a0\u00bbtag:p|font_size:18px|text_align:center|color:%23ffffff\u00a0\u00bb use_theme_fonts=\u00a0\u00bbyes\u00a0\u00bb css=\u00a0\u00bb\u00a0\u00bb][\/vc_column][\/vc_row][vc_row gap=\u00a0\u00bb30&Prime; content_placement=\u00a0\u00bbmiddle\u00a0\u00bb css=\u00a0\u00bb.vc_custom_1714070394649{margin-top: 30px !important;}\u00a0\u00bb][vc_column width=\u00a0\u00bb1\/2&Prime;][vc_custom_heading text=\u00a0\u00bbPrix : 2022&Prime; font_container=\u00a0\u00bbtag:h3|text_align:left|color:%23a31d36&Prime; use_theme_fonts=\u00a0\u00bbyes\u00a0\u00bb css=\u00a0\u00bb\u00a0\u00bb][vc_column_text css=\u00a0\u00bb.vc_custom_1714481220058{margin-bottom: 15px !important;}\u00a0\u00bb]Jay Valiquette a fond\u00e9 l&rsquo;organisme en r\u00e9ponse au fait pr\u00e9occupant que notre ville (Montr\u00e9al) a le taux de d\u00e9crochage scolaire le plus \u00e9lev\u00e9 au Canada, aggrav\u00e9 par les statistiques encore plus alarmantes dans notre quartier.[\/vc_column_text][vc_row_inner][vc_column_inner][mvc_infobox info_opt=\u00a0\u00bbshow_icon\u00a0\u00bb icon_height=\u00a0\u00bb64&Prime; icon_radius=\u00a0\u00bb50%\u00a0\u00bb border_width=\u00a0\u00bb1&Prime; line_height=\u00a0\u00bb1.5&Prime; title_color=\u00a0\u00bb#27397c\u00a0\u00bb font_icon=\u00a0\u00bbfas fa-award\u00a0\u00bb icon_color=\u00a0\u00bb#a31d36&Prime; border_clr=\u00a0\u00bb#a31d36&Prime; info_title=\u00a0\u00bbPrix de leadership p\u00e9dagogique de Montreal Community Cares pour une implication et une contribution exceptionnelles \u00e0 la communaut\u00e9\u00a0\u00bb title_size=\u00a0\u00bb18&Prime;][\/mvc_infobox][\/vc_column_inner][\/vc_row_inner][vc_column_text css=\u00a0\u00bb\u00a0\u00bb]En novembre 2022, Jay Valiquette a re\u00e7u le prix du leadership \u00e9ducatif pour une implication et une contribution communautaires exceptionnelles (Educational Leadership Award for exceptional community involvement and contribution) de la Fondation Montreal Community Cares pour son engagement d&rsquo;une d\u00e9cennie envers le renforcement des enfants d\u00e9favoris\u00e9s.[\/vc_column_text][\/vc_column][vc_column width=\u00a0\u00bb1\/2&Prime;][vc_single_image image=\u00a0\u00bb2003&Prime; img_size=\u00a0\u00bbfull\u00a0\u00bb alignment=\u00a0\u00bbcenter\u00a0\u00bb onclick=\u00a0\u00bblink_image\u00a0\u00bb css=\u00a0\u00bb.vc_custom_1714481261925{margin-bottom: 15px !important;}\u00a0\u00bb][vc_column_text css=\u00a0\u00bb\u00a0\u00bb]<\/p>\n<p style=\"text-align: center;\"><small>Un grand merci pour votre soutien ! De gauche \u00e0 droite: Frank Chieng, Serg Pigeon, Jay Valiquette, Ilan Sarid, George Kiorpelidis.<\/small><\/p>\n<p>[\/vc_column_text][\/vc_column][\/vc_row][vc_row full_width=\u00a0\u00bbstretch_row\u00a0\u00bb content_placement=\u00a0\u00bbmiddle\u00a0\u00bb css=\u00a0\u00bb.vc_custom_1665666977160{margin-top: 50px !important;padding-top: 50px !important;padding-bottom: 50px !important;background-color: #27397c !important;}\u00a0\u00bb][vc_column][vc_custom_heading text=\u00a0\u00bb\u00abSi vous voulez que vos enfants r\u00e9ussissent, vous voulez les<br \/>\nenvoyer \u00e0 L\u2019Acad\u00e9mie Valiquette!\u00bb\u00a0\u00bb font_container=\u00a0\u00bbtag:h3|text_align:center|color:%23ffffff|line_height:1.7&Prime; use_theme_fonts=\u00a0\u00bbyes\u00a0\u00bb css=\u00a0\u00bb\u00a0\u00bb][vc_custom_heading text=\u00a0\u00bbJack Fattal, LL.L, JD, MBA\u00a0\u00bb font_container=\u00a0\u00bbtag:h5|text_align:center|color:%238a9571&Prime; use_theme_fonts=\u00a0\u00bbyes\u00a0\u00bb][\/vc_column][\/vc_row][vc_row gap=\u00a0\u00bb30&Prime; content_placement=\u00a0\u00bbmiddle\u00a0\u00bb css=\u00a0\u00bb.vc_custom_1714069883103{margin-top: 50px !important;}\u00a0\u00bb][vc_column width=\u00a0\u00bb1\/2&Prime;][vc_custom_heading text=\u00a0\u00bbPrix : 2020&Prime; font_container=\u00a0\u00bbtag:h3|text_align:left|color:%23a31d36&Prime; use_theme_fonts=\u00a0\u00bbyes\u00a0\u00bb css=\u00a0\u00bb\u00a0\u00bb][vc_column_text css=\u00a0\u00bb.vc_custom_1714481276182{margin-bottom: 15px !important;}\u00a0\u00bb]La Fondation Valiquette Academy est fi\u00e8re d&rsquo;avoir re\u00e7u deux prix en 2020 : Meilleur centre de tutorat et Premier fournisseur d&rsquo;ateliers num\u00e9riques.[\/vc_column_text][vc_row_inner][vc_column_inner width=\u00a0\u00bb1\/2&Prime;][mvc_infobox info_opt=\u00a0\u00bbshow_icon\u00a0\u00bb icon_height=\u00a0\u00bb64&Prime; icon_radius=\u00a0\u00bb50%\u00a0\u00bb border_width=\u00a0\u00bb1&Prime; line_height=\u00a0\u00bb1.5&Prime; title_color=\u00a0\u00bb#27397c\u00a0\u00bb font_icon=\u00a0\u00bbfas fa-award\u00a0\u00bb icon_color=\u00a0\u00bb#a31d36&Prime; border_clr=\u00a0\u00bb#a31d36&Prime; info_title=\u00a0\u00bbMeilleur centre de tutorat pour enfants\u00a0\u00bb title_size=\u00a0\u00bb18&Prime;][\/mvc_infobox][\/vc_column_inner][vc_column_inner width=\u00a0\u00bb1\/2&Prime;][mvc_infobox info_opt=\u00a0\u00bbshow_icon\u00a0\u00bb icon_height=\u00a0\u00bb64&Prime; icon_radius=\u00a0\u00bb50%\u00a0\u00bb border_width=\u00a0\u00bb1&Prime; line_height=\u00a0\u00bb1.5&Prime; title_color=\u00a0\u00bb#27397c\u00a0\u00bb font_icon=\u00a0\u00bbfas fa-award\u00a0\u00bb icon_color=\u00a0\u00bb#a31d36&Prime; border_clr=\u00a0\u00bb#a31d36&Prime; info_title=\u00a0\u00bbFournisseur leader d&rsquo;ateliers num\u00e9riques\u00a0\u00bb title_size=\u00a0\u00bb18&Prime;][\/mvc_infobox][\/vc_column_inner][\/vc_row_inner][vc_row_inner][vc_column_inner][vc_column_text css=\u00a0\u00bb\u00a0\u00bb]Ces distinctions soulignent \u00e0 la fois notre engagement in\u00e9branlable \u00e0 faire tout notre possible pour servir les familles les plus vuln\u00e9rables de notre communaut\u00e9 et leur offrir la possibilit\u00e9 de participer, m\u00eame si elles proviennent d&rsquo;un paysage marqu\u00e9 par l&rsquo;adversit\u00e9 financi\u00e8re, un faible niveau d&rsquo;\u00e9ducation et une proportion \u00e9lev\u00e9e de familles monoparentales.[\/vc_column_text][\/vc_column_inner][\/vc_row_inner][\/vc_column][vc_column width=\u00a0\u00bb1\/2&Prime;][vc_single_image image=\u00a0\u00bb457&Prime; img_size=\u00a0\u00bbfull\u00a0\u00bb alignment=\u00a0\u00bbcenter\u00a0\u00bb onclick=\u00a0\u00bblink_image\u00a0\u00bb][vc_column_text css=\u00a0\u00bb\u00a0\u00bb]Nos programmes apparaissent comme des phares de transformation. Au service des enfants des \u00e9coles primaires et secondaires, nous sommes essentiels \u00e0 assurer leur r\u00e9ussite scolaire.[\/vc_column_text][\/vc_column][\/vc_row]<\/p>\n<\/div>","protected":false},"excerpt":{"rendered":"<p>[vc_row full_width=\u00a0\u00bbstretch_row_content\u00a0\u00bb el_id=\u00a0\u00bbhero-2&Prime; css=\u00a0\u00bb.vc_custom_1665666948886{padding-top: 30px !important;padding-bottom: 30px !important;background-color: #a31d36 !important;}\u00a0\u00bb][vc_column][vc_custom_heading text=\u00a0\u00bbR\u00e9compenses\u00a0\u00bb font_container=\u00a0\u00bbtag:h2|text_align:center|color:%23ffffff\u00a0\u00bb use_theme_fonts=\u00a0\u00bbyes\u00a0\u00bb css=\u00a0\u00bb\u00a0\u00bb][vc_custom_heading text=\u00a0\u00bbLes &#8230; <a title=\"R\u00e9compenses\" class=\"read-more\" href=\"https:\/\/valiquette.org\/fr\/recompenses\/\" aria-label=\"Read more about R\u00e9compenses\">Voir plus<\/a><\/p>\n","protected":false},"author":1,"featured_media":0,"parent":0,"menu_order":0,"comment_status":"closed","ping_status":"closed","template":"","meta":{"inline_featured_image":false,"footnotes":""},"class_list":["post-1858","page","type-page","status-publish"],"_links":{"self":[{"href":"https:\/\/valiquette.org\/fr\/wp-json\/wp\/v2\/pages\/1858","targetHints":{"allow":["GET"]}}],"collection":[{"href":"https:\/\/valiquette.org\/fr\/wp-json\/wp\/v2\/pages"}],"about":[{"href":"https:\/\/valiquette.org\/fr\/wp-json\/wp\/v2\/types\/page"}],"author":[{"embeddable":true,"href":"https:\/\/valiquette.org\/fr\/wp-json\/wp\/v2\/users\/1"}],"replies":[{"embeddable":true,"href":"https:\/\/valiquette.org\/fr\/wp-json\/wp\/v2\/comments?post=1858"}],"version-history":[{"count":0,"href":"https:\/\/valiquette.org\/fr\/wp-json\/wp\/v2\/pages\/1858\/revisions"}],"wp:attachment":[{"href":"https:\/\/valiquette.org\/fr\/wp-json\/wp\/v2\/media?parent=1858"}],"curies":[{"name":"wp","href":"https:\/\/api.w.org\/{rel}","templated":true}]}}

Récompenses

<div class="wpb-content-wrapper"><p>[vc_row full_width= »stretch_row_content » el_id= »hero-2&Prime; css= ».vc_custom_1665666948886{padding-top: 30px !important;padding-bottom: 30px !important;background-color: #a31d36 !important;} »][vc_column][vc_custom_heading text= »Récompenses » font_container= »tag:h2|text_align:center|color:%23ffffff » use_theme_fonts= »yes » css= » »][vc_custom_heading text= »Les prix de la Fondation Académie Valiquette » font_container= »tag:p|font_size:18px|text_align:center|color:%23ffffff » use_theme_fonts= »yes » css= » »][/vc_column][/vc_row][vc_row gap= »30&Prime; content_placement= »middle » css= ».vc_custom_1714070394649{margin-top: 30px !important;} »][vc_column width= »1/2&Prime;][vc_custom_heading text= »Prix : 2022&Prime; font_container= »tag:h3|text_align:left|color:%23a31d36&Prime; use_theme_fonts= »yes » css= » »][vc_column_text css= ».vc_custom_1714481220058{margin-bottom: 15px !important;} »]Jay Valiquette a fondé l&rsquo;organisme en réponse au fait préoccupant que notre ville (Montréal) a le taux de décrochage scolaire le plus élevé au Canada, aggravé par les statistiques encore plus alarmantes dans notre quartier.[/vc_column_text][vc_row_inner][vc_column_inner][mvc_infobox info_opt= »show_icon » icon_height= »64&Prime; icon_radius= »50% » border_width= »1&Prime; line_height= »1.5&Prime; title_color= »#27397c » font_icon= »fas fa-award » icon_color= »#a31d36&Prime; border_clr= »#a31d36&Prime; info_title= »Prix de leadership pédagogique de Montreal Community Cares pour une implication et une contribution exceptionnelles à la communauté » title_size= »18&Prime;][/mvc_infobox][/vc_column_inner][/vc_row_inner][vc_column_text css= » »]En novembre 2022, Jay Valiquette a reçu le prix du leadership éducatif pour une implication et une contribution communautaires exceptionnelles (Educational Leadership Award for exceptional community involvement and contribution) de la Fondation Montreal Community Cares pour son engagement d&rsquo;une décennie envers le renforcement des enfants défavorisés.[/vc_column_text][/vc_column][vc_column width= »1/2&Prime;][vc_single_image image= »2003&Prime; img_size= »full » alignment= »center » onclick= »link_image » css= ».vc_custom_1714481261925{margin-bottom: 15px !important;} »][vc_column_text css= » »]</p>
<p style="text-align: center;"><small>Un grand merci pour votre soutien ! De gauche à droite: Frank Chieng, Serg Pigeon, Jay Valiquette, Ilan Sarid, George Kiorpelidis.</small></p>
<p>[/vc_column_text][/vc_column][/vc_row][vc_row full_width= »stretch_row » content_placement= »middle » css= ».vc_custom_1665666977160{margin-top: 50px !important;padding-top: 50px !important;padding-bottom: 50px !important;background-color: #27397c !important;} »][vc_column][vc_custom_heading text= »«Si vous voulez que vos enfants réussissent, vous voulez les<br />
envoyer à L’Académie Valiquette!» » font_container= »tag:h3|text_align:center|color:%23ffffff|line_height:1.7&Prime; use_theme_fonts= »yes » css= » »][vc_custom_heading text= »Jack Fattal, LL.L, JD, MBA » font_container= »tag:h5|text_align:center|color:%238a9571&Prime; use_theme_fonts= »yes »][/vc_column][/vc_row][vc_row gap= »30&Prime; content_placement= »middle » css= ».vc_custom_1714069883103{margin-top: 50px !important;} »][vc_column width= »1/2&Prime;][vc_custom_heading text= »Prix : 2020&Prime; font_container= »tag:h3|text_align:left|color:%23a31d36&Prime; use_theme_fonts= »yes » css= » »][vc_column_text css= ».vc_custom_1714481276182{margin-bottom: 15px !important;} »]La Fondation Valiquette Academy est fière d&rsquo;avoir reçu deux prix en 2020 : Meilleur centre de tutorat et Premier fournisseur d&rsquo;ateliers numériques.[/vc_column_text][vc_row_inner][vc_column_inner width= »1/2&Prime;][mvc_infobox info_opt= »show_icon » icon_height= »64&Prime; icon_radius= »50% » border_width= »1&Prime; line_height= »1.5&Prime; title_color= »#27397c » font_icon= »fas fa-award » icon_color= »#a31d36&Prime; border_clr= »#a31d36&Prime; info_title= »Meilleur centre de tutorat pour enfants » title_size= »18&Prime;][/mvc_infobox][/vc_column_inner][vc_column_inner width= »1/2&Prime;][mvc_infobox info_opt= »show_icon » icon_height= »64&Prime; icon_radius= »50% » border_width= »1&Prime; line_height= »1.5&Prime; title_color= »#27397c » font_icon= »fas fa-award » icon_color= »#a31d36&Prime; border_clr= »#a31d36&Prime; info_title= »Fournisseur leader d&rsquo;ateliers numériques » title_size= »18&Prime;][/mvc_infobox][/vc_column_inner][/vc_row_inner][vc_row_inner][vc_column_inner][vc_column_text css= » »]Ces distinctions soulignent à la fois notre engagement inébranlable à faire tout notre possible pour servir les familles les plus vulnérables de notre communauté et leur offrir la possibilité de participer, même si elles proviennent d&rsquo;un paysage marqué par l&rsquo;adversité financière, un faible niveau d&rsquo;éducation et une proportion élevée de familles monoparentales.[/vc_column_text][/vc_column_inner][/vc_row_inner][/vc_column][vc_column width= »1/2&Prime;][vc_single_image image= »457&Prime; img_size= »full » alignment= »center » onclick= »link_image »][vc_column_text css= » »]Nos programmes apparaissent comme des phares de transformation. Au service des enfants des écoles primaires et secondaires, nous sommes essentiels à assurer leur réussite scolaire.[/vc_column_text][/vc_column][/vc_row]</p>
</div>

<p>[vc_row full_width= »stretch_row_content » el_id= »hero-2&Prime; css= ».vc_custom_1665666948886{padding-top: 30px !important;padding-bottom: 30px !important;background-color: #a31d36 !important;} »][vc_column][vc_custom_heading text= »Récompenses » font_container= »tag:h2|text_align:center|color:%23ffffff » use_theme_fonts= »yes » css= » »][vc_custom_heading text= »Les &#8230; <a title="Récompenses" class="read-more" href="https://valiquette.org/fr/recompenses/" aria-label="Read more about Récompenses">Voir plus</a></p>
