{"id":2059,"date":"2024-05-22T09:10:58","date_gmt":"2024-05-22T13:10:58","guid":{"rendered":"https:\/\/valiquette.org\/fr\/?page_id=2059"},"modified":"2024-08-06T06:51:24","modified_gmt":"2024-08-06T10:51:24","slug":"vision-et-valeurs","status":"publish","type":"page","link":"https:\/\/valiquette.org\/fr\/vision-et-valeurs\/","title":{"rendered":"Vision et Valeurs"},"content":{"rendered":"<div class=\"wpb-content-wrapper\"><p>[vc_row full_width=\u00a0\u00bbstretch_row_content\u00a0\u00bb css=\u00a0\u00bb.vc_custom_1712157591954{padding-top: 10px !important;padding-bottom: 10px !important;background-color: #a31d36 !important;}\u00a0\u00bb][vc_column][vc_custom_heading text=\u00a0\u00bbVision et Valeurs\u00a0\u00bb font_container=\u00a0\u00bbtag:h2|text_align:center|color:%23ffffff\u00a0\u00bb use_theme_fonts=\u00a0\u00bbyes\u00a0\u00bb css=\u00a0\u00bb\u00a0\u00bb][vc_custom_heading text=\u00a0\u00bbL\u2019Acad\u00e9mie est l\u2019opportunit\u00e9 qu\u2019ont les enfants d\u2019am\u00e9liorer leur vie et de s\u2019assurer un avenir bien meilleur.\u00a0\u00bb font_container=\u00a0\u00bbtag:p|font_size:18px|text_align:center|color:%23ffffff\u00a0\u00bb use_theme_fonts=\u00a0\u00bbyes\u00a0\u00bb css=\u00a0\u00bb\u00a0\u00bb][\/vc_column][\/vc_row][vc_row gap=\u00a0\u00bb15&Prime; css=\u00a0\u00bb.vc_custom_1716383521374{margin-top: 50px !important;}\u00a0\u00bb][vc_column width=\u00a0\u00bb1\/2&Prime;][vc_custom_heading text=\u00a0\u00bbCroyance\u00a0\u00bb font_container=\u00a0\u00bbtag:h3|text_align:left|color:%23a31d36&Prime; use_theme_fonts=\u00a0\u00bbyes\u00a0\u00bb css=\u00a0\u00bb\u00a0\u00bb][vc_column_text css=\u00a0\u00bb.vc_custom_1722940534642{margin-bottom: 15px !important;}\u00a0\u00bb]Nous croyons profond\u00e9ment au pouvoir transformateur de l&rsquo;\u00e9ducation. Nous nous engageons \u00e0 fournir aux enfants d\u00e9favoris\u00e9s des \u00e9coles primaires et secondaires un soutien scolaire suppl\u00e9mentaire, car nous comprenons que chaque enfant m\u00e9rite une chance de s&rsquo;\u00e9panouir, quelle que soit son origine.<\/p>\n<p>Nous pensons que l&rsquo;\u00e9ducation n&rsquo;est pas seulement une voie vers la connaissance, mais un droit fondamental qui ouvre des portes vers des opportunit\u00e9s et permet aux individus de briser le cycle de la pauvret\u00e9.<\/p>\n<p>En offrant des ressources et un soutien acad\u00e9miques suppl\u00e9mentaires, nous visons \u00e0 combler le foss\u00e9 qui peut entraver les progr\u00e8s scolaires et le d\u00e9veloppement personnel de ces enfants.[\/vc_column_text][\/vc_column][vc_column width=\u00a0\u00bb1\/2&Prime;][vc_single_image image=\u00a0\u00bb2060&Prime; img_size=\u00a0\u00bbfull\u00a0\u00bb alignment=\u00a0\u00bbcenter\u00a0\u00bb css=\u00a0\u00bb\u00a0\u00bb][\/vc_column][\/vc_row][vc_row][vc_column][vc_column_text css=\u00a0\u00bb\u00a0\u00bb]De plus, nous sommes anim\u00e9s par la conviction qu&rsquo;un environnement d&rsquo;apprentissage favorable peut inspirer et nourrir le potentiel de chaque \u00e9l\u00e8ve. Notre approche est ancr\u00e9e dans la conviction que chaque enfant poss\u00e8de des forces et des capacit\u00e9s uniques et qu&rsquo;avec les conseils et les ressources appropri\u00e9s, il peut atteindre son plein potentiel. Nous nous effor\u00e7ons de cr\u00e9er un espace stimulant o\u00f9 les \u00e9l\u00e8ves se sentent valoris\u00e9s et motiv\u00e9s \u00e0 exceller. Gr\u00e2ce \u00e0 notre d\u00e9vouement, nous esp\u00e9rons construire un avenir o\u00f9 chaque enfant, quelle que soit sa situation, pourra acc\u00e9der \u00e0 l&rsquo;\u00e9ducation de qualit\u00e9 qu&rsquo;il m\u00e9rite et devenir des individus confiants et prosp\u00e8res dans leur communaut\u00e9.[\/vc_column_text][\/vc_column][\/vc_row][vc_row full_width=\u00a0\u00bbstretch_row\u00a0\u00bb content_placement=\u00a0\u00bbmiddle\u00a0\u00bb css=\u00a0\u00bb.vc_custom_1712155917536{margin-top: 50px !important;padding-top: 30px !important;padding-bottom: 30px !important;background-color: #27397c !important;}\u00a0\u00bb][vc_column][vc_custom_heading text=\u00a0\u00bb\u00abDe temps en temps, en tant que parent, une opportunit\u00e9 se pr\u00e9sente qui a le potentiel d\u2019amener un grand changement positif pour nos enfants. Jay Valiquette et son approche, \u00e0 la fois de l\u2019\u00e9ducation et du mentorat, pour nos enfants et adolescents est l\u2019une des ces rares opportunit\u00e9s. Les \u00e9coles, les gouvernements et les parents devraient faire attention, car l\u2019avenir de la scolarit\u00e9 est illustr\u00e9 par l\u2019enseignement, les paroles et les actions de M. Valiquette.\u00bb\u00a0\u00bb font_container=\u00a0\u00bbtag:h3|font_size:20px|text_align:center|color:%23ffffff|line_height:1.5&Prime; use_theme_fonts=\u00a0\u00bbyes\u00a0\u00bb css=\u00a0\u00bb\u00a0\u00bb el_id=\u00a0\u00bbtxt-400&Prime;][vc_custom_heading text=\u00a0\u00bbDave Mackey, Parent\u00a0\u00bb font_container=\u00a0\u00bbtag:h5|text_align:center|color:%238a9571&Prime; use_theme_fonts=\u00a0\u00bbyes\u00a0\u00bb css=\u00a0\u00bb\u00a0\u00bb][\/vc_column][\/vc_row][vc_row gap=\u00a0\u00bb15&Prime; css=\u00a0\u00bb.vc_custom_1716383511750{margin-top: 50px !important;}\u00a0\u00bb][vc_column width=\u00a0\u00bb1\/2&Prime;][vc_single_image image=\u00a0\u00bb2061&Prime; img_size=\u00a0\u00bbfull\u00a0\u00bb alignment=\u00a0\u00bbcenter\u00a0\u00bb css=\u00a0\u00bb\u00a0\u00bb][\/vc_column][vc_column width=\u00a0\u00bb1\/2&Prime;][vc_custom_heading text=\u00a0\u00bbVision\u00a0\u00bb font_container=\u00a0\u00bbtag:h3|text_align:left|color:%23a31d36&Prime; use_theme_fonts=\u00a0\u00bbyes\u00a0\u00bb css=\u00a0\u00bb\u00a0\u00bb][vc_column_text css=\u00a0\u00bb\u00a0\u00bb]Il est essentiel de reconna\u00eetre que les enfants s&rsquo;\u00e9panouissent dans un contexte plus large qui s&rsquo;\u00e9tend au-del\u00e0 de la salle de classe.<\/p>\n<p>Nous croyons qu&rsquo;il est important de travailler en \u00e9troite collaboration avec les parents pour favoriser des mod\u00e8les de comportement positifs \u00e0 la maison, car ce partenariat am\u00e9liore le d\u00e9veloppement global de nos \u00e9l\u00e8ves.<\/p>\n<p>Sachant que la vie englobe bien plus que les \u00e9tudes, nous accordons une grande importance \u00e0 la connexion avec les enfants et leurs familles \u00e0 travers diverses activit\u00e9s sociales.<\/p>\n<p>Des \u00e9v\u00e9nements tels qu&rsquo;Halloween, No\u00ebl et la Journ\u00e9e de la famille font partie int\u00e9grante de la construction d&rsquo;une communaut\u00e9 solidaire.[\/vc_column_text][\/vc_column][\/vc_row][vc_row][vc_column][vc_column_text css=\u00a0\u00bb\u00a0\u00bb]Par-dessus tout, nous nous effor\u00e7ons de cr\u00e9er un environnement o\u00f9 chaque enfant et chaque parent ont le sentiment que notre porte est toujours ouverte. Cet engagement est loin d&rsquo;\u00eatre symbolique ; il refl\u00e8te notre mission principale qui est de donner la priorit\u00e9 au bien-\u00eatre et \u00e0 la r\u00e9ussite de chaque enfant dont nous avons la charge. Notre d\u00e9vouement \u00e0 ce principe garantit que nous restons une ressource solidaire et accessible pour les familles, renfor\u00e7ant notre engagement envers leur d\u00e9veloppement holistique et leur r\u00e9ussite ultime.[\/vc_column_text][\/vc_column][\/vc_row][vc_row full_width=\u00a0\u00bbstretch_row\u00a0\u00bb content_placement=\u00a0\u00bbmiddle\u00a0\u00bb css=\u00a0\u00bb.vc_custom_1716383482051{margin-top: 50px !important;padding-top: 30px !important;padding-bottom: 30px !important;background-color: #a31d36 !important;}\u00a0\u00bb][vc_column][vc_custom_heading text=\u00a0\u00bb\u00ab Mes enfants (trois d\u2019entre eux) ont tous pass\u00e9 beaucoup de temps avec Jay et il a eu un effet profond sur leur force physique et \u00e9motionnelle ainsi que sur leur caract\u00e8re. \u00c0 ce jour, ils continuent d\u2019exceller dans leurs \u00e9tudes et leur athl\u00e9tisme. Ils ne seraient pas les m\u00eames que ceux qu\u2019ils sont aujourd\u2019hui, s\u2019ils n\u2019avaient pas eu de temps avec Jay \u2026 sans aucun doute. \u00bb\u00a0\u00bb font_container=\u00a0\u00bbtag:h3|font_size:20px|text_align:center|color:%23ffffff|line_height:1.5&Prime; use_theme_fonts=\u00a0\u00bbyes\u00a0\u00bb css=\u00a0\u00bb\u00a0\u00bb][vc_custom_heading text=\u00a0\u00bbAaron Fraser, Parent\u00a0\u00bb font_container=\u00a0\u00bbtag:h5|text_align:center|color:%238a9571&Prime; use_theme_fonts=\u00a0\u00bbyes\u00a0\u00bb css=\u00a0\u00bb\u00a0\u00bb][\/vc_column][\/vc_row][vc_row gap=\u00a0\u00bb15&Prime; css=\u00a0\u00bb.vc_custom_1716383502430{margin-top: 50px !important;}\u00a0\u00bb][vc_column width=\u00a0\u00bb1\/2&Prime;][vc_custom_heading text=\u00a0\u00bbValeurs\u00a0\u00bb font_container=\u00a0\u00bbtag:h3|text_align:left|color:%23a31d36&Prime; use_theme_fonts=\u00a0\u00bbyes\u00a0\u00bb css=\u00a0\u00bb\u00a0\u00bb][vc_column_text css=\u00a0\u00bb\u00a0\u00bb]Nous envisageons un avenir o\u00f9 chaque enfant dont nous avons la charge est en mesure d&rsquo;atteindre son plein potentiel, quel que soit son code postal. Notre objectif est de veiller \u00e0 ce que les barri\u00e8res g\u00e9ographiques et \u00e9conomiques ne limitent pas leurs possibilit\u00e9s de croissance et de r\u00e9ussite.<\/p>\n<p>Nous nous engageons \u00e0 \u00e9largir notre programmation pour atteindre le plus grand nombre d&rsquo;enfants possible, en favorisant un esprit de curiosit\u00e9 et de r\u00e9silience chez chacun.<\/p>\n<p>Notre vision comprend la cr\u00e9ation d&rsquo;un monde o\u00f9 chaque enfant a acc\u00e8s \u00e0 de nombreuses opportunit\u00e9s et \u00e0 la libert\u00e9 financi\u00e8re, en \u00e9liminant les barri\u00e8res qui pourraient autrement les emp\u00eacher de r\u00e9aliser leurs r\u00eaves.[\/vc_column_text][\/vc_column][vc_column width=\u00a0\u00bb1\/2&Prime;][vc_single_image image=\u00a0\u00bb2062&Prime; img_size=\u00a0\u00bbfull\u00a0\u00bb alignment=\u00a0\u00bbcenter\u00a0\u00bb css=\u00a0\u00bb\u00a0\u00bb][\/vc_column][\/vc_row]<\/p>\n<\/div>","protected":false},"excerpt":{"rendered":"<p>[vc_row full_width=\u00a0\u00bbstretch_row_content\u00a0\u00bb css=\u00a0\u00bb.vc_custom_1712157591954{padding-top: 10px !important;padding-bottom: 10px !important;background-color: #a31d36 !important;}\u00a0\u00bb][vc_column][vc_custom_heading text=\u00a0\u00bbVision et Valeurs\u00a0\u00bb font_container=\u00a0\u00bbtag:h2|text_align:center|color:%23ffffff\u00a0\u00bb use_theme_fonts=\u00a0\u00bbyes\u00a0\u00bb css=\u00a0\u00bb\u00a0\u00bb][vc_custom_heading &#8230; <a title=\"Vision et Valeurs\" class=\"read-more\" href=\"https:\/\/valiquette.org\/fr\/vision-et-valeurs\/\" aria-label=\"Read more about Vision et Valeurs\">Voir plus<\/a><\/p>\n","protected":false},"author":1,"featured_media":0,"parent":0,"menu_order":0,"comment_status":"closed","ping_status":"closed","template":"","meta":{"inline_featured_image":false,"footnotes":""},"class_list":["post-2059","page","type-page","status-publish"],"_links":{"self":[{"href":"https:\/\/valiquette.org\/fr\/wp-json\/wp\/v2\/pages\/2059","targetHints":{"allow":["GET"]}}],"collection":[{"href":"https:\/\/valiquette.org\/fr\/wp-json\/wp\/v2\/pages"}],"about":[{"href":"https:\/\/valiquette.org\/fr\/wp-json\/wp\/v2\/types\/page"}],"author":[{"embeddable":true,"href":"https:\/\/valiquette.org\/fr\/wp-json\/wp\/v2\/users\/1"}],"replies":[{"embeddable":true,"href":"https:\/\/valiquette.org\/fr\/wp-json\/wp\/v2\/comments?post=2059"}],"version-history":[{"count":9,"href":"https:\/\/valiquette.org\/fr\/wp-json\/wp\/v2\/pages\/2059\/revisions"}],"predecessor-version":[{"id":2137,"href":"https:\/\/valiquette.org\/fr\/wp-json\/wp\/v2\/pages\/2059\/revisions\/2137"}],"wp:attachment":[{"href":"https:\/\/valiquette.org\/fr\/wp-json\/wp\/v2\/media?parent=2059"}],"curies":[{"name":"wp","href":"https:\/\/api.w.org\/{rel}","templated":true}]}}

<div class="wpb-content-wrapper"><p>[vc_row full_width= »stretch_row_content » css= ».vc_custom_1712157591954{padding-top: 10px !important;padding-bottom: 10px !important;background-color: #a31d36 !important;} »][vc_column][vc_custom_heading text= »Vision et Valeurs » font_container= »tag:h2|text_align:center|color:%23ffffff » use_theme_fonts= »yes » css= » »][vc_custom_heading text= »L’Académie est l’opportunité qu’ont les enfants d’améliorer leur vie et de s’assurer un avenir bien meilleur. » font_container= »tag:p|font_size:18px|text_align:center|color:%23ffffff » use_theme_fonts= »yes » css= » »][/vc_column][/vc_row][vc_row gap= »15&Prime; css= ».vc_custom_1716383521374{margin-top: 50px !important;} »][vc_column width= »1/2&Prime;][vc_custom_heading text= »Croyance » font_container= »tag:h3|text_align:left|color:%23a31d36&Prime; use_theme_fonts= »yes » css= » »][vc_column_text css= ».vc_custom_1722940534642{margin-bottom: 15px !important;} »]Nous croyons profondément au pouvoir transformateur de l&rsquo;éducation. Nous nous engageons à fournir aux enfants défavorisés des écoles primaires et secondaires un soutien scolaire supplémentaire, car nous comprenons que chaque enfant mérite une chance de s&rsquo;épanouir, quelle que soit son origine.</p>
<p>Nous pensons que l&rsquo;éducation n&rsquo;est pas seulement une voie vers la connaissance, mais un droit fondamental qui ouvre des portes vers des opportunités et permet aux individus de briser le cycle de la pauvreté.</p>
<p>En offrant des ressources et un soutien académiques supplémentaires, nous visons à combler le fossé qui peut entraver les progrès scolaires et le développement personnel de ces enfants.[/vc_column_text][/vc_column][vc_column width= »1/2&Prime;][vc_single_image image= »2060&Prime; img_size= »full » alignment= »center » css= » »][/vc_column][/vc_row][vc_row][vc_column][vc_column_text css= » »]De plus, nous sommes animés par la conviction qu&rsquo;un environnement d&rsquo;apprentissage favorable peut inspirer et nourrir le potentiel de chaque élève. Notre approche est ancrée dans la conviction que chaque enfant possède des forces et des capacités uniques et qu&rsquo;avec les conseils et les ressources appropriés, il peut atteindre son plein potentiel. Nous nous efforçons de créer un espace stimulant où les élèves se sentent valorisés et motivés à exceller. Grâce à notre dévouement, nous espérons construire un avenir où chaque enfant, quelle que soit sa situation, pourra accéder à l&rsquo;éducation de qualité qu&rsquo;il mérite et devenir des individus confiants et prospères dans leur communauté.[/vc_column_text][/vc_column][/vc_row][vc_row full_width= »stretch_row » content_placement= »middle » css= ».vc_custom_1712155917536{margin-top: 50px !important;padding-top: 30px !important;padding-bottom: 30px !important;background-color: #27397c !important;} »][vc_column][vc_custom_heading text= »«De temps en temps, en tant que parent, une opportunité se présente qui a le potentiel d’amener un grand changement positif pour nos enfants. Jay Valiquette et son approche, à la fois de l’éducation et du mentorat, pour nos enfants et adolescents est l’une des ces rares opportunités. Les écoles, les gouvernements et les parents devraient faire attention, car l’avenir de la scolarité est illustré par l’enseignement, les paroles et les actions de M. Valiquette.» » font_container= »tag:h3|font_size:20px|text_align:center|color:%23ffffff|line_height:1.5&Prime; use_theme_fonts= »yes » css= » » el_id= »txt-400&Prime;][vc_custom_heading text= »Dave Mackey, Parent » font_container= »tag:h5|text_align:center|color:%238a9571&Prime; use_theme_fonts= »yes » css= » »][/vc_column][/vc_row][vc_row gap= »15&Prime; css= ».vc_custom_1716383511750{margin-top: 50px !important;} »][vc_column width= »1/2&Prime;][vc_single_image image= »2061&Prime; img_size= »full » alignment= »center » css= » »][/vc_column][vc_column width= »1/2&Prime;][vc_custom_heading text= »Vision » font_container= »tag:h3|text_align:left|color:%23a31d36&Prime; use_theme_fonts= »yes » css= » »][vc_column_text css= » »]Il est essentiel de reconnaître que les enfants s&rsquo;épanouissent dans un contexte plus large qui s&rsquo;étend au-delà de la salle de classe.</p>
<p>Nous croyons qu&rsquo;il est important de travailler en étroite collaboration avec les parents pour favoriser des modèles de comportement positifs à la maison, car ce partenariat améliore le développement global de nos élèves.</p>
<p>Sachant que la vie englobe bien plus que les études, nous accordons une grande importance à la connexion avec les enfants et leurs familles à travers diverses activités sociales.</p>
<p>Des événements tels qu&rsquo;Halloween, Noël et la Journée de la famille font partie intégrante de la construction d&rsquo;une communauté solidaire.[/vc_column_text][/vc_column][/vc_row][vc_row][vc_column][vc_column_text css= » »]Par-dessus tout, nous nous efforçons de créer un environnement où chaque enfant et chaque parent ont le sentiment que notre porte est toujours ouverte. Cet engagement est loin d&rsquo;être symbolique ; il reflète notre mission principale qui est de donner la priorité au bien-être et à la réussite de chaque enfant dont nous avons la charge. Notre dévouement à ce principe garantit que nous restons une ressource solidaire et accessible pour les familles, renforçant notre engagement envers leur développement holistique et leur réussite ultime.[/vc_column_text][/vc_column][/vc_row][vc_row full_width= »stretch_row » content_placement= »middle » css= ».vc_custom_1716383482051{margin-top: 50px !important;padding-top: 30px !important;padding-bottom: 30px !important;background-color: #a31d36 !important;} »][vc_column][vc_custom_heading text= »« Mes enfants (trois d’entre eux) ont tous passé beaucoup de temps avec Jay et il a eu un effet profond sur leur force physique et émotionnelle ainsi que sur leur caractère. À ce jour, ils continuent d’exceller dans leurs études et leur athlétisme. Ils ne seraient pas les mêmes que ceux qu’ils sont aujourd’hui, s’ils n’avaient pas eu de temps avec Jay … sans aucun doute. » » font_container= »tag:h3|font_size:20px|text_align:center|color:%23ffffff|line_height:1.5&Prime; use_theme_fonts= »yes » css= » »][vc_custom_heading text= »Aaron Fraser, Parent » font_container= »tag:h5|text_align:center|color:%238a9571&Prime; use_theme_fonts= »yes » css= » »][/vc_column][/vc_row][vc_row gap= »15&Prime; css= ».vc_custom_1716383502430{margin-top: 50px !important;} »][vc_column width= »1/2&Prime;][vc_custom_heading text= »Valeurs » font_container= »tag:h3|text_align:left|color:%23a31d36&Prime; use_theme_fonts= »yes » css= » »][vc_column_text css= » »]Nous envisageons un avenir où chaque enfant dont nous avons la charge est en mesure d&rsquo;atteindre son plein potentiel, quel que soit son code postal. Notre objectif est de veiller à ce que les barrières géographiques et économiques ne limitent pas leurs possibilités de croissance et de réussite.</p>
<p>Nous nous engageons à élargir notre programmation pour atteindre le plus grand nombre d&rsquo;enfants possible, en favorisant un esprit de curiosité et de résilience chez chacun.</p>
<p>Notre vision comprend la création d&rsquo;un monde où chaque enfant a accès à de nombreuses opportunités et à la liberté financière, en éliminant les barrières qui pourraient autrement les empêcher de réaliser leurs rêves.[/vc_column_text][/vc_column][vc_column width= »1/2&Prime;][vc_single_image image= »2062&Prime; img_size= »full » alignment= »center » css= » »][/vc_column][/vc_row]</p>
</div>
